 base 11, what is 15 - 1043?
-1029
In base 15, what is -15 - -ba8?
b93
In base 16, what is -3 + 290c?
2909
In base 3, what is 12211201112101 + -10?
12211201112021
In base 13, what is -11 - 16913?
-16924
In base 11, what is 0 + 117945?
117945
In base 2, what is -110000010011 + -100?
-110000010111
In base 16, what is -13b9 - 13?
-13cc
In base 4, what is -202 + -21033?
-21301
In base 16, what is -38ab + 3a?
-3871
In base 4, what is 1 + 3300212?
3300213
In base 10, what is -54746 + 2?
-54744
In base 3, what is 0 + -10121000110?
-10121000110
In base 5, what is -1 + 131312?
131311
In base 12, what is -12bab7 - 5?
-12bb00
In base 3, what is 20 - 11211200?
-11211110
In base 8, what is 326272 - 5?
326265
In base 13, what is 17 + 1407?
1421
In base 13, what is -4 - -48079a?
480796
In base 16, what is -11 + -37b3?
-37c4
In base 9, what is -46 + 3333?
3276
In base 15, what is 1a9 + -45?
164
In base 16, what is 46d + cc?
539
In base 7, what is -25 + -211053?
-211111
In base 2, what is 10001 - 110001100001?
-110001010000
In base 3, what is -2 - -10101022022?
10101022020
In base 8, what is -715 + -111?
-1026
In base 7, what is -522 - -321?
-201
In base 3, what is 1222 + 2020112?
2022111
In base 6, what is -144 + 204?
20
In base 8, what is 2 - -537705?
537707
In base 4, what is 3221222 + -3?
3221213
In base 6, what is -545 - -1513?
524
In base 12, what is 121 - 1132?
-1011
In base 12, what is -482567 + 3?
-482564
In base 5, what is -320020 + 10?
-320010
In base 2, what is -111001100101001 - -101?
-111001100100100
In base 14, what is -9417 - 3?
-941a
In base 15, what is 3 - e9b?
-e98
In base 15, what is -5 - 6d4a2?
-6d4a7
In base 12, what is -17b2 - -14b?
-1663
In base 8, what is -12355 - -720?
-11435
In base 10, what is -258 - 758?
-1016
In base 15, what is 24 + 1e92?
1eb6
In base 11, what is -51778 - -5?
-51773
In base 10, what is -31 + 62136?
62105
In base 14, what is -49 - 338?
-383
In base 6, what is 3 - 542204?
-542201
In base 3, what is 1 - 122021?
-122020
In base 9, what is -1264548 + 5?
-1264543
In base 4, what is 2303022 - 22?
2303000
In base 13, what is 67 - 5bb?
-554
In base 8, what is 2 - -66770?
66772
In base 12, what is -237862 - 2?
-237864
In base 5, what is -14030024 - 124?
-14030203
In base 9, what is 5814 - -118?
6033
In base 9, what is -331 + 15066?
14635
In base 5, what is 11230 + -3044?
3131
In base 5, what is 2 - -32102?
32104
In base 11, what is 24410 + 0?
24410
In base 13, what is -16195 - 1?
-16196
In base 14, what is c774 + -9?
c769
In base 12, what is -169 - -21aa?
2041
In base 13, what is -155c8 - 5?
-15600
In base 16, what is b6 + -89?
2d
In base 6, what is 14 + -2222242?
-2222224
In base 4, what is -1 - 2021120?
-2021121
In base 13, what is 192 - a39?
-877
In base 5, what is 2020 + -103003?
-100433
In base 7, what is 4 + 12236?
12243
In base 11, what is 3101 - -53?
3154
In base 9, what is 10858 - -170?
11138
In base 12, what is -71610 - 1?
-71611
In base 3, what is -212122010211 + 0?
-212122010211
In base 12, what is 7 - 2791?
-2786
In base 14, what is b38 + -86?
a92
In base 10, what is -59704 + -1?
-59705
In base 15, what is 49a7 + 7?
49ae
In base 14, what is 4 - -c9ac?
c9b2
In base 6, what is 1 - -233124?
233125
In base 14, what is 445 - -215?
65a
In base 12, what is -443a03 + -3?
-443a06
In base 9, what is 250 + -32684?
-32434
In base 5, what is 0 - 210110123?
-210110123
In base 7, what is 12455 - -25?
12513
In base 14, what is 1 - 45125?
-45124
In base 8, what is 30 - 103330?
-103300
In base 10, what is -22 + 270868?
270846
In base 8, what is -471773 - -4?
-471767
In base 7, what is -30256 + 43?
-30213
In base 2, what is -100 + 1111110000?
1111101100
In base 2, what is 10001011 + 1101110011?
1111111110
In base 6, what is -15 - -55352?
55333
In base 2, what is 10000 - 1001101001000?
-1001100111000
In base 8, what is -751 - 5504?
-6455
In base 11, what is 1037 - 28?
100a
In base 3, what is -11202011222 - 12?
-11202012011
In base 2, what is 10101 - -100001100010?
100001110111
In base 2, what is 1110010 + 10000011101011?
10000101011101
In base 2, what is -10 + -1100100000100011?
-1100100000100101
In base 14, what is -6 + -19c438?
-19c440
In base 11, what is 12 + 73014?
73026
In base 8, what is -3047 - -2271?
-556
In base 5, what is -202414 - 14?
-202433
In base 12, what is 3a48 - -5?
3a51
In base 10, what is -29119 - -5?
-29114
In base 2, what is -1110011100 + 1100010?
-1100111010
In base 8, what is -3 - -213223?
213220
In base 6, what is -1442 + 132?
-1310
In base 2, what is 100000010110101 + 1110?
100000011000011
In base 7, what is 33 + 2563?
2626
In base 11, what is -16449 - 2?
-16450
In base 3, what is -2 + 11111212?
11111210
In base 15, what is 2 - -6392?
6394
In base 7, what is 16626421 + -3?
16626415
In base 12, what is 24 - 17626?
-17602
In base 9, what is 383 - -605?
1088
In base 4, what is -2 + 1313202012?
1313202010
In base 6, what is -412223 + -131?
-412354
In base 8, what is 26 + 50601?
50627
In base 3, what is 212012120 - 2?
212012111
In base 3, what is 111 + -22110220?
-22110102
In base 9, what is 24848 - -2?
24851
In base 3, what is -1 - 2001102021?
-2001102022
In base 12, what is -405631a + 0?
-405631a
In base 12, what is 6bb - -6?
705
In base 4, what is 20313013 + -1?
20313012
In base 3, what is 221102112102 - -11?
221102112120
In base 14, what is 33 + -1060?
-102b
In base 8, what is 72 + -2145?
-2053
In base 13, what is -233 - -8b?
-175
In base 10, what is 65626 + -6?
65620
In base 7, what is 0 + 50341?
50341
In base 12, what is 0 + 12a491?
12a491
In base 7, what is -3341 + -5?
-3346
In base 14, what is 692 + -332?
360
In base 5, what is -10 + -3133044?
-3133104
In base 8, what is -57 - -163370?
163311
In base 10, what is -11615 + 217?
-11398
In base 14, what is 239 - -1d8?
433
In base 6, what is 315213 - -3?
315220
In base 3, what is 10221102 - 22?
10221010
In base 2, what is 1110111100 + 1010111?
10000010011
In base 8, what is -114 - 73?
-207
In base 2, what is -111100000011010 - -10010?
-111100000001000
In base 3, what is -11011120210 - -1?
-11011120202
In base 12, what is -296 + 607?
331
In base 9, what is 3 + 26153?
26156
In base 3, what is -12011 - -1022101?
1010020
In base 4, what is 1031202221 + -20?
1031202201
In base 12, what is 4bb2 + -10?
4ba2
In base 9, what is -512342 + -5?
-512347
In base 11, what is 441 - -293?
724
In base 10, what is -4190 - 38?
-4228
In base 9, what is 533 - -560?
1203
In base 9, what is 7 - -13360?
13367
In base 7, what is 3 - -26144?
26150
In base 14, what is -1c - 3486?
-34a4
In base 8, what is -12540 + 5?
-12533
In base 13, what is 1 - 92aac?
-92aab
In base 7, what is -16331 - -13?
-16315
In base 8, what is 223 - 566?
-343
In base 13, what is -ab - -898?
7ba
In base 9, what is -414 + 111?
-303
In base 11, what is -2 - 1a7a?
-1a81
In base 4, what is -220 - 122132?
-123012
In base 16, what is -20 + 1ac?
18c
In base 15, what is 668 + 19?
682
In base 15, what is 5a180 - -6?
5a186
In base 3, what is -2 + -222112002020?
-222112002022
In base 5, what is 14122 + -112?
14010
In base 7, what is 62615 + -11?
62604
In base 3, what is -121100022 + -2110?
-121102202
In base 14, what is -33c - -3b?
-301
In base 4, what is 331332102 - 30?
331332012
In base 14, what is 67d - -14?
693
In base 11, what is 58387 - a?
58378
In base 3, what is -210121222 - -112011?
-210002211
In base 14, what is -16d3 - 7?
-16da
In base 8, what is 363 + -41?
322
In base 5, what is -134 + -413444?
-414133
In base 2, what is 110101110110000011 + -1?
110101110110000010
In base 2, what is -1000111001110010 + -11100010?
-1000111101010100
In base 3, what is 112122110121 + -1?
112122110120
In base 11, what is 2294 + -118?
2177
In base 16, what is 5bc3 + c?
5bcf
In base 9, what is -185 - -1260?
1064
In base 5, what is 1112 - 1100?
12
In base 11, what is -1058 - 0?
-1058
In base 6, what is 244 + -420?
-132
In base 15, what is -64c1b + -2?
-64c1d
In base 15, what is 5c5 - 1bb?
409
In base 14, what is 1c5 - 3a1?
-1ba
In base 14, what is -dd + -a36?
-b35
In base 11, what is 2 + -75a4?
-75a2
In base 14, what is -67d - -606?
-77
In base 3, what is -1002200 + -110?
-1010010
In base 9, what is 66 - 242?
-165
In base 12, what is -869 - 5?
-872
In base 11, what is 0 - -23261?
23261
In base 14, what is 4 - 4db06?
-4db02
In b